f(w) = 0 - v + 7*w + 2. Let i(l) = 20*l - 30. Let s(m) = -17*f(m) + 6*i(m). Determine s(0).
-10
Let h(l) = -l - 3. Suppose -p - 3*i - i - 4 = 0, -4*p - 2*i = 2. Suppose 0 = -2*r + 4*r - v + 4, -r - v + 1 = p. Let u = r + -5. Calculate h(u).
3
Let o(k) be the third derivative of k**4/12 + 4*k**3/3 - 3*k**2 - 5. Calculate o(-13).
-18
Let x(o) be the third derivative of -o**8/6720 + o**7/504 - o**6/144 - o**5/60 - o**4/12 - 2*o**2. Let n(a) be the second derivative of x(a). What is n(4)?
-6
Let r(j) = j**2 - 4*j - 4. Let k(t) = t**2 - 3*t - 2. Let i(p) = -4*k(p) + 3*r(p). Suppose 0 = 3*c - 6*c. Calculate i(c).
-4
Let j = 1942 - 1952. Let t(u) = 3*u + 36. Determine t(j).
6
Let m(q) = 5*q - 3. Suppose 7*d - 35 = 7. Suppose -d*b - 8 = -10*b. Give m(b).
7
Let d be 2 + (0 - (4 - (-10)/5)). Let l(x) = 3*x**2 - x**2 - 5*x - 3*x**2 + 1. What is l(d)?
5
Let y(b) = -b**2 + 2*b + 529. Let f be y(-22). Let x(t) be the third derivative of 7*t**5/60 + t**4/24 + 2*t**2. Give x(f).
8
Let k(d) = -d**2 - 7*d - 6. Let n be (-4)/(-10)*(0 - -5). Suppose -2*z - n*l = 3*z + 32, 3*l = z + 3. Determine k(z).
0
Let x(q) be the third derivative of -7*q**4/24 - q**3/3 - 36*q**2. Determine x(-5).
33
Suppose b = -5*b + 30. Suppose -n + 9 = 4*p, -b*n + 8 - 3 = 0. Let v(g) = g - 2. Give v(p).
0
Let a = 13 + -12. Let j(r) = -3*r**3 + r**2 + 4*r - 4. Suppose -5*w + 7 = -8, -4*i = -w + 11. Let n(g) = -g**3 - g**2. Let b(y) = a*j(y) + i*n(y). What is b(4)?
-4
Let h be (-145)/45 + (-4)/(-18). Let g be (0 + 12)/h - -7. Let r(i) = -7 + 13 - i - i**g + 7*i**2 - i**2. Calculate r(6).
0
Let w(m) be the third derivative of m**5/60 + 5*m**4/24 + 2*m**3/3 + m**2. Let v be 144/15 - (-14)/35. Suppose v*s - 4 = 11*s. Give w(s).
0
Suppose 6*p + 20 = 26*p. Let b(i) = -7*i**2 + 5*i + 1. Calculate b(p).
-1
Let j = 2 - 1. Let m(k) = 6*k - k**2 - k**3 - 2*k**2 - 3*k - j. Suppose 0 = -21*f + 28*f - 14. Determine m(f).
-15
Let z(g) = 4*g**3 - g**2 - 2*g - 1. Let a be z(-1). Let d = a + 14. Let x be 9/(-5) - 2/d. Let y(f) = f**3 + 3*f**2 + 3*f + 3. Give y(x).
1
Let r(o) be the second derivative of o**3 - o**2 - 4*o + 5. Give r(3).
16
Let q(n) be the third derivative of n**6/120 - n**5/12 + n**4/8 + 2*n**3/3 - n**2. Suppose 0 = -0*h + 33*h - 132. Give q(h).
0
Let t(h) = h**2 + 4*h + 5. Let y be t(-4). Suppose 0 = 4*f - 15 - 5, -f = -v - 1. Suppose v*z = s - 2*s + 14, -y*s = -2*z + 40. Let i(l) = -l - 8. Give i(s).
-2
Let k(j) = -j**2 - 11*j + 1. Let s be -15 + ((-1)/1)/(25/(-125)). What is k(s)?
11
Suppose 4*s - 15 = 33. Let x = s - 6. Let w(l) = -68 - 6*l**2 - 8*l**2 + l**3 - 6*l + 62 + 9*l**2. Give w(x).
-6
Let f(c) = 31*c**2 - c + 3. Let j(q) = -15*q**2 - 1. Let b(k) = -2*f(k) - 5*j(k). Let a be 1/3*21/7. Determine b(a).
14
Suppose -z + 5*a + 4 - 14 = 0, -5*a = z. Let w(o) = -6*o - 21. Let b(m) = 3*m + 10. Let s(n) = -7*b(n) - 3*w(n). Give s(z).
8
Let g = 9 + -5. Suppose 54 = -2*v + 58. Let r(x) = -20*x**v + 2*x + 6*x**2 + 8*x**2 + x**3 + 2*x**2. Give r(g).
8
Suppose 26 = 4*o + 5*y, 0 = o + 3*y - 12 + 2. Let w(v) be the first derivative of 5/3*v**3 - 2*v**2 + 3*v - 1/4*v**o + 13. Give w(3).
9
Let z(y) = -9*y - 241*y**2 - 221*y**2 - y**3 + 450*y**2 + 21. Give z(-11).
-1
Let n(q) = -4*q**3 + 90 + 3*q + 79 - 170 - 5*q - 3*q**2. Calculate n(-2).
23
Suppose 5*w - g + 6*g - 25 = 0, -16 = -5*w + 4*g. Let d(f) = f**2 - w - 5 + 5*f + 4 + 1. Let c = 31 - 37. What is d(c)?
2
Suppose -8 = -0*x + 2*x. Let o(f) be the first derivative of -f**3/3 - 3*f**2/2 + 3*f + 83. Give o(x).
-1
Let z(s) = -s - 4. Suppose 5*f + 206 = 181. Calculate z(f).
1
Let r(q) = -q - 1. Let d(g) = -14*g - 9. Let a(i) = 2*i - 5. Let m be a(2). Let p(w) = m*d(w) + 6*r(w). Determine p(-2).
-13
Let i(g) = -2*g + 2. Suppose 231 = 39*b - 6*b. Determine i(b).
-12
Suppose 67*p = 63*p - 24. Let y(n) = -8*n**2 - 5 + 2*n**2 - 1 + 4*n - 5*n - n**3. Calculate y(p).
0
Let a(j) = 1 + j - 6*j + 1 + 5*j - 2*j. Determine a(-5).
12
Let a(m) = m**2 - 4*m + 4. Suppose -47 + 59 = 2*x. Give a(x).
16
Let r(b) = 6*b**3 + b**2 + b. Suppose -3 = 3*w - 6. Let z(g) = 6*g**3 - g. Let o be z(w). Suppose -o*i = -i + 4. Determine r(i).
-6
Let g(o) = -2 + 11 - 1 + 2 + o. Let s be g(-11). Let h(w) = 2*w**3 - 2*w**2 + 1. What is h(s)?
-3
Let f(r) = -4*r + 26. Let u be f(6). Suppose 0 = 5*m, v - 2*m = u*v - 4. Let c(x) = 5*x + 23. Let i(y) = -3*y - 12. Let w(g) = 6*c(g) + 11*i(g). Calculate w(v).
-6
Let z(m) be the second derivative of -m**4/6 - 5*m**3/3 - 9*m**2/2 - 205*m - 1. What is z(-4)?
-1
Let n be ((-12)/(-8))/((-9)/(-6)). Let r(u) = 1 - 1 - 1 + 2 - 2*u**2. Give r(n).
-1
Suppose -3*f = -6*f - 21. Let s(n) = -74*n + 0*n**2 + 3 + 135*n - n**2 - 69*n. What is s(f)?
10
Suppose -2*t + 17 = -31. Suppose -4*n = -0*n - t. Let i(q) = -q**3 + q**2. Let b(v) = 7*v**3 - 12*v**2 - v + 5. Let p(y) = -b(y) - 6*i(y). What is p(n)?
1
Let z(o) = o**3 - 3*o**2 - 10*o - 6. Suppose 7*t = 4*k + 3*t - 28, 3*t + 1 = -k. Let q be z(k). Let l(v) = v**2 + 5*v - 6. What is l(q)?
0
Suppose 0 = -513*f + 520*f - 42. Let t(i) be the second derivative of -i**6/720 - i**4/12 + i. Let b(l) be the third derivative of t(l). What is b(f)?
-6
Let p(v) = 18 + 5*v - 3 - 11. What is p(-2)?
-6
Suppose 0 = 4*n - 424 + 444. Let u(w) = -w**2 - 7*w - 7. Determine u(n).
3
Let v(r) = r**2 + 29*r + 203. Let n be v(-17). Suppose 16 = -5*x - 9. Let q = n + x. Let z(c) = c**3 + 5*c**2 - 5*c - 4. Calculate z(q).
-10
Let i(q) = 94 + 3*q - 31 - 31 - 34 + 2*q. Determine i(7).
33
Let y(i) = i**3 - 19*i**2 - i + 25. Let d be y(19). Let c(b) = -3*b + 8. What is c(d)?
-10
Let j(m) = 2*m**3 + m**2 - m + 1. Suppose 16 = o + 3*o, 5*v = 3*o - 47. Let c = 12 + v. Suppose 2*z = 4*f + f - 15, f = -c*z - 24. What is j(f)?
3
Let p(q) be the third derivative of q**4/24 + q**2. Let m(j) be the first derivative of -j**2 - 18*j + 18. Let g be m(-10). Calculate p(g).
2
Let d(g) = g**3 + 1. Let f(r) = -5*r**3 - 6*r**2 + 10*r + 2. Let u(o) = 4*d(o) + f(o). What is u(-7)?
-15
Let f(d) = d - 8. Let p(y) be the second derivative of y**3/6 - 7*y**2/2 + 11*y. Let x(v) = 5*f(v) - 6*p(v). Calculate x(4).
-2
Suppose 0 = -0*t - 4*t + 5*o + 3, -7 = -5*t + 3*o. Suppose -4*h = t*b - 4, -b + h - 4 = -3*b. Let x(d) = 4*d**b - 3*d**2 + 0*d + 4*d - 6 - 2*d. What is x(-5)?
9
Let t(o) = -o**3 + 3*o**2 + 3*o - 3. Let r be 2/8 - 276/(-48). Let m(p) = -p + 7. Let u be m(r). Let w be 4 + (-5)/(4 + u). Give t(w).
6
Let k(o) = -o**2. Let y(t) = 3*t**2 - 5*t - 6. Let u(v) = -2*k(v) - y(v). Let d = -12 + 17. Suppose q = z - 0*z + 11, -d*q - 4*z = -10. Give u(q).
0
Let k(m) = m - 10*m - 1 + 4*m**2 - m**3 + 9*m. Suppose 0 = -3*t + 11 + 4. Let y be 63/15 - 1/t. What is k(y)?
-1
Let w(r) = -3*r**2 - 15*r - 6. Let k(o) = -7*o**2 - 33*o - 13. Let i(a) = 2*k(a) - 5*w(a). Calculate i(-7).
-10
Let x = -227 + 216. Let j(h) = h**2 + 9*h - 9. Determine j(x).
13
Let r(z) = -z**3 - 13*z**2 - 11*z + 17. Let s = 24 + -36. Calculate r(s).
5
Let w(y) = y**3 - 3*y**2 - y - 4. Suppose 0 = 4*q - 3*q - 4. Suppose 0 = -4*x + 3*s - 0 + 1, q*s - 20 = 0. What is w(x)?
8
Let y(z) = 2. Let h(i) = -1. Let u(c) = 3*h(c) + y(c). Let l(n) = -2*n + 2. Let r(g) = -l(g) - 4*u(g). Suppose 2*s = m + 3*m, 5*m + 3*s = -22. Calculate r(m).
-2
Let f(u) = u**2 + 64*u - 44*u - 24*u. Calculate f(3).
-3
Suppose 0 = 11*i - 5*i - 12. Let d(f) = -8*f + 5*f**i + 3 + 0*f**2 - 8*f**2 + f**3. Calculate d(5).
13
Let s be (-7)/3*(-324)/756. Let a(h) be the third derivative of -h**5/3 + h**3/6 - h**2. Determine a(s).
-19
Suppose 0 = 2*i - 0*g + 5*g - 12, -2*g = i - 6. Let y(b) = 4*b + 10. Let c be (1 - 3)/(-2 - -4). Let a(r) = r + 1. Let h(q) = c*y(q) + 5*a(q). What is h(i)?
1
Let w(o) = 24*o**2 - 5*o - 2. Let q(l) = -27*l**2 + 7*l + 2. Let s(i) = -2*q(i) - 3*w(i). Give s(-1).
-17
Let o(x) = 5*x - 3. Let m(i) = -7*i + 3. Let u(n) = -6*n + 2. Let r(b) = -5*m(b) + 4*u(b). Let j(t) = -9*o(t) + 4*r(t). Determine j(3).
-4
Let k(g) be the first derivative of g**2/2 + 7*g - 1. Let l(f) = -44*f + 39. Let p be l(1). Give k(p).
2
Let c(s) = 11*s - 17. Let o(l) = -4*l + 5. Let q(z) = -2*c(z) - 7*o(z). What is q(2)?
11
Let f(c) = -c**3 + 5*c**2 - 2. Let k(o) = -10*o - 19. Let l(m) = -3*m - 6. Let b(y) = 2*k(y) - 7*l(y). Let p be b(-8). Let g be (9 - 8)/((-2)/p). What is f(g)?
10
Suppose 315 = 10*p - 1365. Let j(w) = 164 - 2*w + w 